-4*r - 3 = -3*r, 3*a - 3 = -3*r. Suppose 0 = -k - 0*k. Suppose -a*b + 344 = -k*b - i, -4*i + 324 = 4*b. Is b composite?
True
Suppose -5*t + 434 = -3*r, 3*t + 3*r + 7 - 253 = 0. Is t composite?
True
Let n(w) = 4*w**2 + 4*w + 2. Let g be n(-3). Let p = 42 - g. Let z = p + -10. Is z a prime number?
False
Suppose -2*x + 8 = 2*x. Suppose x*n + 2*q = -2, -8 = -4*n + 3*q + 16. Suppose 4*d + 13 = 3*u, -d = -n*u - 3*d + 7. Is u a prime number?
True
Let m be (-3)/(-4 - -3) - -43. Let c = m + -27. Is c prime?
True
Let n = 15 + -3. Suppose -5*c = n - 122. Is c prime?
False
Let p = 259 - -772. Is p prime?
True
Suppose 4*u - 326 = -4*p + 2*u, 4*p - 5*u - 291 = 0. Is p a composite number?
False
Let c be (-4)/22 - (-228)/44. Suppose 112 = b + c*v, -3*v + 306 = 3*b + 2*v. Is b a prime number?
True
Suppose 0 = 4*c - 3*c - 2. Is 1*(-36)/(c*-2) a composite number?
True
Let j(g) = -g**3 + 6*g - 1. Is j(-6) composite?
False
Let s(i) = i**3 - 4*i**2 - 5*i - 5. Let o(a) = 6*a + 2. Let l be o(5). Suppose 39 = 4*m + 3*t, 0*m - l = -2*m - 4*t. Is s(m) composite?
False
Suppose 3*d + d - 2*m = 1718, 862 = 2*d - 4*m. Suppose d = -5*g - 71. Let i = -67 - g. Is i a prime number?
False
Is 610 + 87/27 + 2/(-9) composite?
False
Is -2*(2 - 332/8) a composite number?
False
Let h(a) = -3*a**2 + 5*a + 8. Let u be h(6). Let r be -2*(-49)/(-4)*2. Let n = r - u. Is n a composite number?
True
Let u(r) = -r + 9. Let f = -17 + 26. Let y be u(f). Is (y + 33/(-6))*-6 prime?
False
Suppose -67 = 3*m - 4*m. Is m/((2 - -1) + -2) prime?
True
Suppose -2*y + 10 = -0*y. Suppose 12 + 50 = 2*l + y*z, 0 = 4*z. Is l composite?
False
Suppose -2*x - 3*p + 9 = 0, -4*x + 3*x - 5*p + 8 = 0. Suppose -r - 40 = -x*r. Let g = -14 + r. Is g prime?
False
Let d be ((-7)/(-5))/((-6)/(-30)). Let b(h) = -h**3 + 8*h**2 - 3*h + 9. Is b(d) a composite number?
False
Let n be 169 + 1/(-2)*-4. Is n/2 - 1/2 a prime number?
False
Let n(m) = -m + 7. Let y be n(11). Is (-3 + -2)/(y/28) composite?
True
Let p(x) = 5*x**2 + x. Let o be p(3). Suppose -4*r = 102 - 466. Let a = r - o. Is a prime?
True
Let u(i) = -10*i + 9. Let m(r) = -31*r + 26. Let t(h) = 6*m(h) - 17*u(h). Is t(-2) prime?
False
Let s(x) = 177*x + 32. Is s(11) a prime number?
True
Let r be (-1)/(-1)*-1*0. Suppose r = -2*j - 3*j + 255. Is j a composite number?
True
Suppose 3*o = -o. Suppose i + o*i = 267. Is i a prime number?
False
Let n(q) = -q**2 - 6*q - 2. Let i be n(-6). Let c = 5 + i. Suppose -c*y + 132 = y. Is y a prime number?
False
Suppose -4*n = 0, 0*f + 2*n = f - 3438. Is 3/5 - f/(-45) a prime number?
False
Let z(d) = -2*d + 4. Let c be z(-6). Suppose 3*l - 5 = c. Is l composite?
False
Let k(q) = 124*q - 1. Let r be k(-3). Let y = r - -632. Is y composite?
True
Let q(z) = -z**3 + 6*z**2 - 6*z + 5. Let k be q(5). Suppose -n = -k*n - 8. Is 394/n + (-1)/4 a prime number?
False
Let f(c) = 12*c**2 - 7. Is f(5) composite?
False
Suppose 4*m - 232 = 3*m. Suppose -t + 0*d + d + m = 0, 0 = 4*t + 4*d - 936. Is t a composite number?
False
Suppose 2*p - 9 = 1. Let l be -6*(55/(-3))/p. Suppose h = -h + l. Is h a composite number?
False
Let a(k) = -k**3 + 8*k**2. Let u be a(8). Suppose 4*v - 3*i = -139, -5*v - 78 - 57 = 4*i. Is v/(1/(u - 1)) composite?
False
Let q(x) = 6*x + 3*x**2 + 0 + 5*x + 4. Is q(-7) prime?
False
Let c(j) = -3*j**2 + 7*j - 7. Let i be c(7). Is (i - 12/(-4))/(-2) composite?
True
Suppose -4*u = r, 0*r - 7 = -3*r - 5*u. Suppose 3*j - w - 2291 = 0, r*j = 3*w + 2*w + 3062. Is j a prime number?
False
Suppose -48*p - 43 = -49*p. Is p a prime number?
True
Let g(h) = 992*h + 21. Is g(4) prime?
True
Suppose 2*q - 5195 + 693 = 0. Is q a prime number?
True
Let s(n) = 7*n - 11*n**2 + 6 - 3*n + n**3 + 8. Let y be s(11). Suppose 2*m - 12 = y. Is m a prime number?
False
Suppose -w - 1 = -4. Is (1*-254)/(1 - w) prime?
True
Let v = -200 + 579. Is v a composite number?
False
Let h = 33 + -8. Is h composite?
True
Let u(y) = y**2 - y + 6. Is u(5) composite?
True
Let f(t) = 80*t**2 - 10*t + 43. Is f(6) prime?
False
Suppose 3*h - 4*f - 7048 = -h, 2*h - 4*f = 3526. Is h a prime number?
False
Let k(d) be the first derivative of 8*d**2 + d + 8. Is k(2) composite?
True
Suppose -2*x + 5019 = x - 2*t, 2*t + 8365 = 5*x. Is x prime?
False
Suppose 2*z = o - 0*o - 3901, 5*z = o - 3892. Is o prime?
True
Let p(m) = 1027*m - 19. Is p(6) a composite number?
False
Suppose 4*z + 87 = 5*n, 3*n + 4*z - 30 = -z. Suppose -35 = -v + n. Let w = v + -31. Is w a prime number?
True
Suppose -y + 600 = 3*y. Suppose 2*p + y = -3*p. Is (24/p)/((-2)/55) a composite number?
True
Suppose 0 = -5*i - 658 + 153. Let r = i + 160. Is r a composite number?
False
Let n = 6 + -3. Let m = n - 4. Let v(s) = -7*s**3 + s + 1. Is v(m) prime?
True
Suppose -3 + 8 = -5*r. Let a(b) = -12*b - 1. Is a(r) composite?
False
Let t(z) = z - 5. Let a be t(5). Suppose 250 = 3*r + 4*h + 27, -r - 4*h + 69 = a. Is r prime?
False
Let k = 9 - 6. Is 161/k - (-2)/(-3) a composite number?
False
Let a(x) = -12*x + 13. Is a(-11) a composite number?
True
Let a be 1/4 + (-2673)/(-12). Let r be ((-160)/12)/((-2)/6). Let z = r + a. Is z composite?
False
Let q(v) = 5*v - 2*v**2 - 87*v**3 - 2*v - 4*v. Is q(-1) a composite number?
True
Suppose -2*r + 5*v + 28 = 0, 2*v + 47 + 25 = 4*r. Suppose 0 = 4*a + 5*z - 290, 2*a + 0*a - 136 = 2*z. Suppose a = g + r. Is g a composite number?
True
Let x(t) = t**3 + 17*t**2 - 10*t - 9. Is x(-16) prime?
False
Suppose -3*q - 1531 + 406 = 0. Let k = q - -712. Is k prime?
True
Let n(x) be the third derivative of -x**5/60 - x**4/12 + x**3/2 + 3*x**2. Let t be n(-4). Is (-289)/(-5) - 1/t a prime number?
False
Suppose p - 6*p + 2*x = 0, 0 = -3*p - 2*x. Let j be -51 + 1*(p + 1). Let l = j + 72. Is l a prime number?
False
Let w(q) = q**3 - q**2 - 5*q - 6. Let a be (-66)/(-8) + 4/(-16). Suppose -4*y + a + 12 = 0. Is w(y) prime?
False
Let f(w) = w. Let p be f(-2). Let s(l) = -3*l**3 + 3*l**2 + 3*l + 1. Is s(p) a prime number?
True
Let b be (3/2)/(-3)*-296. Suppose 5*l + 3 = b. Let h = 51 - l. Is h composite?
True
Let g(l) = -l**3 + l - 1. Let u(q) = 4*q**3 - 2*q**2 + 2*q + 4. Let z(m) = 3*g(m) + u(m). Is z(4) prime?
True
Is (-4 - -2)*-8 + 3 a composite number?
False
Suppose -4*a = -6*a + 236. Is a a composite number?
True
Let x = -2 - -5. Suppose -4*j + 43 = x*p, 3*j + 8*p - 3*p = 46. Let c = j + 36. Is c a composite number?
False
Let q(y) = 2*y**2 + 2*y. Let u be q(-2). Let t(j) = 10*j - 3. Is t(u) a prime number?
True
Let z = 369 + -256. Is z prime?
True
Let y be (-2 - -55) + 4/(-4). Suppose 4*k - 8*k + 4*z = -108, 4*z - y = -k. Let w = k + 23. Is w a prime number?
False
Let o(k) = 4 + k**3 - 4 - 4 + 6*k - 2 + 10*k**2. Is o(-9) composite?
True
Is 2/(-14) - (-2956)/14 a composite number?
False
Let z = -6 + 8. Let l = -11 + 15. Suppose -2*y + l*w - 3 = -33, -z*y = 4*w - 46. Is y a composite number?
False
Suppose -4*j + 140 = -608. Is j composite?
True
Suppose -4*a - 5*v = 919 - 3182, v = -2*a + 1133. Suppose x - a = -2*x. Suppose -3*p + x + 84 = 0. Is p a composite number?
True
Is 2/11 - (-93803)/209 a prime number?
True
Let l = 12119 + -6900. Is l a composite number?
True
Is 3 - (2 + (-436 - 0)) a composite number?
True
Is 24/(-11) - -2 - 3357/(-11) a prime number?
False
Let r(z) = z**2 + 7*z - 24. Is r(-14) prime?
False
Suppose -p - 128 = 2*u, -3*p - 3*u = -u + 368. Is (2 - p) + -3 + 4 a composite number?
True
Let c be (2/5)/(4/40). Suppose -3*q - c = -q. Is 113 - 0/(-1 - q) prime?
True
Let q(n) = 12*n - 7. Let p be (-7)/(3 + -1 + -3). Is q(p) prime?
False
Let x(f) = -9*f**2 + 3*f - 1. Let z be x(3). Let m be 12/(-4) - (z + 1). Suppose -y - 2*y = -m. Is y prime?
True
Suppose 1 = -4*h - 4*k - 3, -3*h = 5*k + 7. Let o be (-478 - (h - 1))/(-2). Let b = o - 162. Is b a prime number?
False
Let i = 42 + -3. Is i prime?
False
Let y be 1/(-4) + (-25)/(-4). Let v = y + -1. Let g(a) = -a**3 + 5*a**2 + 6*a + 7. Is g(v) a prime number?
True
Is (-1)/(0 + 3/(-8499)) a prime number?
True
Suppose 3*j + 4*g = -0*g + 1114, -j - 2*g = -368. Let w = j + -259. Is w prime?
False
Is (11/3)/((-2)/(-6)) a prime number?
True
Let s(k) = k**2 - 3*k - 7. Let f be s(5). Let r(n) = -3*n + f + 4*n - 1. Is r(7) a composite number?
True
Suppose 4*t + 3 = 15. Let f(a) = 0*a**t - 2 + 8*a**2 - 10*a - 1 - a**3 + 2*a**3. Is f(-9) prime?
False
Let l be 